der when 22 is divided by g?
6
Let a(k) = -k**3 + 10*k - 3. Let v be a(5). Let n = v + 90. What is the remainder when 45 is divided by n?
9
Suppose -2*g - g + 189 = 0. Let n = -43 + g. What is the remainder when (-2)/((n/(-58))/5) is divided by 8?
5
Let x(l) = l**2 + 24. Let v(t) = -t**3 - 4*t**2 - t - 4. Let o be v(-4). Let b be x(o). Let u = -18 + b. What is the remainder when 16 is divided by u?
4
Suppose 7774 = 14*f + 12*f. What is the remainder when f is divided by 60?
59
Suppose -21*n = -3*n - 216. What is the remainder when 2/13 - 516/(-26) is divided by n?
8
Suppose 3*a - 452 = -a. Let r = a - 90. Calculate the remainder when r is divided by 8.
7
Suppose 3 = 4*a - 5, -c - 4*a = -18. What is the remainder when 126 is divided by c?
6
Let g be 65/7 - 6/21. Suppose -g*w + 171 = -0*w. Calculate the remainder when w is divided by 4.
3
Calculate the remainder when 103 is divided by (-2 - (-32 - 12)) + 13.
48
Let y(b) = 11*b**2 + 5*b + 5. Let v(g) = -2*g - 23. Let d be v(-10). What is the remainder when y(d) is divided by 23?
20
Let m = -273 + 287. Calculate the remainder when 277 is divided by m.
11
Let s(j) = j**2 - 3*j - 9. Let v be s(-3). Suppose 0 = -o + 4*o - 69. What is the remainder when o is divided by (110/v + 4/(-18))/2?
5
Calculate the remainder when 267 is divided by -7*((-48)/21 + 2) + 7.
6
Suppose -8*c + 12*c + 1457 = i, 4*i - 4*c = 5816. What is the remainder when i is divided by 26?
23
Let p = -21 + 28. Calculate the remainder when 117 is divided by ((-18)/p)/(6/(-56)).
21
Let t = 66 + -14. Calculate the remainder when t is divided by (-868)/(-49) + (-4)/(-14).
16
Suppose 5*i + f = 255, 2*i - 5*f = 5*i - 175. Let d = i + -15. What is the remainder when (-195)/(-7) - (-5)/d is divided by 10?
8
Let q be (-1 + -3)/2 + 8. Let j(v) = 4*v - 3. Calculate the remainder when j(q) is divided by (-20)/(-3) - (-14)/(-21).
3
Suppose 395*m - 399*m = -24. What is the remainder when 61 is divided by m?
1
Let b be 2/(-1 + 0 + 3)*141. What is the remainder when b/4 + (-2)/8 is divided by 3?
2
Calculate the remainder when 32 is divided by (-6)/(-24)*8 + 8.
2
Let s be (-3)/(-3) + (-1610)/7. Let j = -137 - s. Suppose z + 3*z = j. What is the remainder when z is divided by 8?
7
Let j(f) be the second derivative of f**3/6 - 5*f**2 + 8*f. What is the remainder when 7 is divided by j(12)?
1
Let d be 2 + (-92)/4 + -1. Let t = d + 41. Calculate the remainder when 56 is divided by t.
18
Let o(q) = -3*q - 67. Let d = -201 - -282. Calculate the remainder when d is divided by o(-27).
11
Let u = -1441 - -2650. What is the remainder when u is divided by 22?
21
Suppose -5*v = -5*c + 6*c - 706, 5*c + 700 = 5*v. Let d(r) = 5*r - 14. What is the remainder when v is divided by d(10)?
33
Let s = 429 - 388. What is the remainder when 240 is divided by s?
35
What is the remainder when 21 is divided by (3 - 5)*(-1 + (-1)/1)?
1
Let f(l) = -10*l - 25. Let c be 1 - 3/(-6)*0. Let t = 5 - c. What is the remainder when f(-4) is divided by t?
3
Suppose 0*r + 20 = y - 4*r, 16 = 2*y - 2*r. Let p = 18 - y. Suppose 2*u + 103 = 5*g, 2*g - u - 55 + p = 0. Calculate the remainder when g is divided by 12.
9
Suppose 0 = -y - 5*x + 27, y + 4*y - 162 = 2*x. Let z(u) = u**2 - u - 16. Calculate the remainder when z(-10) is divided by y.
30
Calculate the remainder when 17/(85/(-20)) - (-556 - -1) is divided by 92.
91
Let p = 2 + -2. Suppose t - 3*y = 0, 4*t - 10 = 2*y + 10. What is the remainder when 41 is divided by 7*(-4 + p + t)?
13
Let v(o) = 2*o + 22. Let n be v(-9). Let b(l) = n - 21*l - 23 - 7 - 7*l. Calculate the remainder when b(-7) is divided by 43.
41
Calculate the remainder when (-1)/(((-6)/27)/2) is divided by 1/(-2*5/(-20)) + 2.
1
Let s(y) = y**2 + 12*y - 34. Suppose 3*r + r = u - 77, 57 = -4*r - 3*u. What is the remainder when s(r) is divided by 19?
17
Let h be ((-36)/(-4))/(6/4). Let d be (20/h)/(4/6). Suppose 2*x + 5*v = -2*x + 38, d*x = -5*v + 50. What is the remainder when 33 is divided by x?
9
Let g = -244 - -489. Calculate the remainder when g is divided by 62.
59
Suppose 2*v - 5*v = 0. Suppose v*k + 288 = 3*k. Suppose 1 = -5*a + k. Calculate the remainder when a is divided by 7.
5
Let z(p) be the third derivative of p**4/24 + 2*p**3 + 7*p**2. Let c be z(9). Let m = c - 12. Calculate the remainder when 35 is divided by m.
8
Calculate the remainder when 68 is divided by 82/(-369) - (-173)/9.
11
Let j = 1575 + -972. What is the remainder when j is divided by 199?
6
Suppose 786 = 2*w + 9*a - 8*a, 4*w - a = 1578. Calculate the remainder when w is divided by 21.
16
Let h(y) = 43*y - 111. Suppose -1 = 5*u + 4. Calculate the remainder when ((-22)/4)/(u/6) is divided by h(3).
15
Suppose 1929*k = 1933*k - 260. What is the remainder when k is divided by 65?
0
Suppose -2*s - s + 60 = 0. Calculate the remainder when 136 is divided by s.
16
Let z(j) = 6*j + 16. Let t be z(-7). Let m = t - -69. Let g = m + -25. What is the remainder when 53 is divided by g?
17
Let v(x) = -2*x**3 - 75*x**2 - 107*x + 49. What is the remainder when 675 is divided by v(-36)?
12
Suppose 6*u = 10*u - 60. Let x(d) = -d**2 + 19*d - 37. What is the remainder when x(u) is divided by 6?
5
Suppose 2*v = 2*a - 4, 4*v + 2 = -a + 3*a. Let u(k) = 44*k + 85 - 97*k + 50*k. What is the remainder when u(25) is divided by a?
1
Let j be 4/((-32)/28)*-2. Suppose j*t = 4*t. Suppose -6*v = -3*x - v + 14, t = -2*x - 3*v + 22. What is the remainder when x is divided by 3?
2
Let f(p) be the third derivative of -7*p**4/24 - 25*p**3/6 + 3*p**2. Calculate the remainder when f(-8) is divided by 4.
3
Let k(s) = -s**2 + 76*s + 676. What is the remainder when 61 is divided by k(-8)?
1
Suppose 4*h + 259 = 3*h. Let u = -154 - h. Suppose 0 = -3*d + u + 102. What is the remainder when d is divided by 18?
15
Let c be 64*(-8)/(-52) - (-4)/26. What is the remainder when 53 is divided by (-4)/c - (-259)/35?
4
Let z(n) be the first derivative of n**4/4 + 19*n**3/3 + 11*n + 11. What is the remainder when z(-19) is divided by 2?
1
Suppose 14*p = 17*p - 6. Suppose 3*y - i = p*i + 243, i = 3*y - 245. What is the remainder when y is divided by 14?
12
Let q be (-5 + 2)*1/(-3). Calculate the remainder when (4 + -3)*26*q is divided by 13 - ((-6)/14 + (-110)/70).
11
Let h = 35 + -20. Suppose 5*l - 30 = h. Suppose -2*c + 0*c = -34. Calculate the remainder when c is divided by l.
8
Suppose 0*r - 55 = -4*x + 3*r, -5 = 5*r. Suppose -84 = -x*m + 7*m. Calculate the remainder when 40 is divided by m.
12
Let x be 142/4 + 1/2. Let w = x - 20. Calculate the remainder when w is divided by 9.
7
Suppose 2*s - 3*s = -26. Let n be -1 + (1 + -220)/(-3). Suppose n*x - 78*x = -42. Calculate the remainder when s is divided by x.
5
Let q = -102 + 113. What is the remainder when 174 is divided by q?
9
Suppose 7*d - 9*d = -48. Suppose -19 - 14 = -t. Calculate the remainder when t is divided by 16/d*(-21)/(-2).
5
Suppose 0 = -5*f - 5*u + 225, -2*f + 23*u = 21*u - 78. What is the remainder when 74 is divided by f?
32
Suppose -2*s - 27 = 22*z - 23*z, 0 = 3*z - 3*s - 66. Calculate the remainder when 2173 is divided by z.
14
Let y(b) = 49*b - 127. What is the remainder when y(5) is divided by (1*12)/((-4)/(-10))?
28
Let i be 1/(-8)*18*-12. Suppose 4*r - 3*t + i = 6*r, 0 = -3*r + 2*t + 60. Calculate the remainder when 32 is divided by r.
14
Suppose 6 = -5*o + 36. Calculate the remainder when 134 is divided by o.
2
Suppose -i + m = -3, -2*i + 7*i = 3*m + 19. Let g = 1 - -1. Suppose 21 + g = k. What is the remainder when k is divided by i?
3
Suppose 0 = -5*r - 8 - 2. What is the remainder when 44 is divided by ((0 - r) + 1)*(-2 + 7)?
14
Let t be (16/20)/(2 + 856/(-430)). Let l = -73 + t. Let y = 40 - -10. Calculate the remainder when y is divided by l.
11
Let x = 11 - 0. Let f = 52 - x. Let o(s) = 7*s**2 - 3*s. What is the remainder when f is divided by o(2)?
19
Let b(s) = -4*s. Let k(g) = -2*g + 4. Let h be k(3). What is the remainder when (2 + -1)/(2/40) is divided by b(h)?
4
Suppose 18*z - 241 = 2099. What is the remainder when z is divided by 45?
40
Suppose -37*a = -3025 - 5004. What is the remainder when a is divided by 27?
1
Let v(g) = -4*g**2 - 12*g + 5. What is the remainder when 5 is divided by v(-3)?
0
Suppose 4*i + 2*a - 304 = 0, -2*a = -2*i - 3*i + 380. Calculate